[INFO] cloning repository https://github.com/jiegec/ebnf-tools
[INFO] running `Command { std: "git" "-c" "credential.helper=" "-c" "credential.helper=/workspace/cargo-home/bin/git-credential-null" "clone" "--bare" "https://github.com/jiegec/ebnf-tools" "/workspace/cache/git-repos/https%3A%2F%2Fgithub.com%2Fjiegec%2Febnf-tools", kill_on_drop: false }`
[INFO] [stderr] Cloning into bare repository '/workspace/cache/git-repos/https%3A%2F%2Fgithub.com%2Fjiegec%2Febnf-tools'...
[INFO] running `Command { std: "git" "rev-parse" "HEAD", kill_on_drop: false }`
[INFO] [stdout] 0b81c9ecbfe92f94349a42cac65666bda4ebf99c
[INFO] checking jiegec/ebnf-tools against master#af3c6e733a40e671550e0f0f5aeecaa13772ba56 for pr-74989
[INFO] running `Command { std: "git" "clone" "/workspace/cache/git-repos/https%3A%2F%2Fgithub.com%2Fjiegec%2Febnf-tools" "/workspace/builds/worker-13/source", kill_on_drop: false }`
[INFO] [stderr] Cloning into '/workspace/builds/worker-13/source'...
[INFO] [stderr] done.
[INFO] validating manifest of git repo https://github.com/jiegec/ebnf-tools on toolchain af3c6e733a40e671550e0f0f5aeecaa13772ba56
[INFO] running `Command { std: "/workspace/cargo-home/bin/cargo" "+af3c6e733a40e671550e0f0f5aeecaa13772ba56" "read-manifest" "--manifest-path" "Cargo.toml", kill_on_drop: false }`
[INFO] started tweaking git repo https://github.com/jiegec/ebnf-tools
[INFO] finished tweaking git repo https://github.com/jiegec/ebnf-tools
[INFO] tweaked toml for git repo https://github.com/jiegec/ebnf-tools written to /workspace/builds/worker-13/source/Cargo.toml
[INFO] crate git repo https://github.com/jiegec/ebnf-tools already has a lockfile, it will not be regenerated
[INFO] running `Command { std: "/workspace/cargo-home/bin/cargo" "+af3c6e733a40e671550e0f0f5aeecaa13772ba56" "fetch" "--locked" "--manifest-path" "Cargo.toml", kill_on_drop: false }`
[INFO] running `Command { std: "docker" "create" "-v" "/var/lib/crater-agent-workspace/builds/worker-13/target:/opt/rustwide/target:rw,Z" "-v" "/var/lib/crater-agent-workspace/builds/worker-13/source:/opt/rustwide/workdir:ro,Z" "-v" "/var/lib/crater-agent-workspace/cargo-home:/opt/rustwide/cargo-home:ro,Z" "-v" "/var/lib/crater-agent-workspace/rustup-home:/opt/rustwide/rustup-home:ro,Z" "-e" "SOURCE_DIR=/opt/rustwide/workdir" "-e" "CARGO_TARGET_DIR=/opt/rustwide/target" "-e" "CARGO_HOME=/opt/rustwide/cargo-home" "-e" "RUSTUP_HOME=/opt/rustwide/rustup-home" "-w" "/opt/rustwide/workdir" "-m" "1610612736" "--user" "0:0" "--network" "none" "rustops/crates-build-env@sha256:d92eaeed33fa75130ca1ee6c8a01d1ffb62bac859dfdfb3450e3e5d1c0146529" "/opt/rustwide/cargo-home/bin/cargo" "+af3c6e733a40e671550e0f0f5aeecaa13772ba56" "metadata" "--no-deps" "--format-version=1", kill_on_drop: false }`
[INFO] [stdout] 47b0806e6400d7d9b51b08e95d2a6ff6d31e8f6ab8af42ddc6faa2d863d15012
[INFO] [stderr] WARNING: Your kernel does not support swap limit capabilities or the cgroup is not mounted. Memory limited without swap.
[INFO] running `Command { std: "docker" "start" "-a" "47b0806e6400d7d9b51b08e95d2a6ff6d31e8f6ab8af42ddc6faa2d863d15012", kill_on_drop: false }`
[INFO] running `Command { std: "docker" "inspect" "47b0806e6400d7d9b51b08e95d2a6ff6d31e8f6ab8af42ddc6faa2d863d15012", kill_on_drop: false }`
[INFO] running `Command { std: "docker" "rm" "-f" "47b0806e6400d7d9b51b08e95d2a6ff6d31e8f6ab8af42ddc6faa2d863d15012", kill_on_drop: false }`
[INFO] [stdout] 47b0806e6400d7d9b51b08e95d2a6ff6d31e8f6ab8af42ddc6faa2d863d15012
[INFO] running `Command { std: "docker" "create" "-v" "/var/lib/crater-agent-workspace/builds/worker-13/target:/opt/rustwide/target:rw,Z" "-v" "/var/lib/crater-agent-workspace/builds/worker-13/source:/opt/rustwide/workdir:ro,Z" "-v" "/var/lib/crater-agent-workspace/cargo-home:/opt/rustwide/cargo-home:ro,Z" "-v" "/var/lib/crater-agent-workspace/rustup-home:/opt/rustwide/rustup-home:ro,Z" "-e" "SOURCE_DIR=/opt/rustwide/workdir" "-e" "CARGO_TARGET_DIR=/opt/rustwide/target" "-e" "CARGO_INCREMENTAL=0" "-e" "RUST_BACKTRACE=full" "-e" "RUSTFLAGS=--cap-lints=forbid" "-e" "CARGO_HOME=/opt/rustwide/cargo-home" "-e" "RUSTUP_HOME=/opt/rustwide/rustup-home" "-w" "/opt/rustwide/workdir" "-m" "1610612736" "--user" "0:0" "--network" "none" "rustops/crates-build-env@sha256:d92eaeed33fa75130ca1ee6c8a01d1ffb62bac859dfdfb3450e3e5d1c0146529" "/opt/rustwide/cargo-home/bin/cargo" "+af3c6e733a40e671550e0f0f5aeecaa13772ba56" "check" "--frozen" "--all" "--all-targets" "--message-format=json", kill_on_drop: false }`
[INFO] [stderr] WARNING: Your kernel does not support swap limit capabilities or the cgroup is not mounted. Memory limited without swap.
[INFO] [stdout] c671ef9e9e3dad76a104030465b5150b5b56674fcae88f0a809c4821ef041b6a
[INFO] running `Command { std: "docker" "start" "-a" "c671ef9e9e3dad76a104030465b5150b5b56674fcae88f0a809c4821ef041b6a", kill_on_drop: false }`
[INFO] [stderr]    Compiling unicode-xid v0.2.0
[INFO] [stderr]    Compiling smallvec v0.6.10
[INFO] [stderr]    Compiling static_assertions v0.3.4
[INFO] [stderr]    Compiling bitset v0.1.0 (https://github.com/MashPlant/bitset#a20d7b54)
[INFO] [stderr]    Compiling hashbrown v0.5.0
[INFO] [stderr]     Checking cfg-if v0.1.10
[INFO] [stderr]    Compiling print v0.1.0 (https://github.com/MashPlant/re2dfa#d3544ab7)
[INFO] [stderr]    Compiling bitflags v1.2.1
[INFO] [stderr]     Checking ppv-lite86 v0.2.5
[INFO] [stderr]    Compiling syn v0.15.44
[INFO] [stderr]     Checking lazy_static v1.4.0
[INFO] [stderr]     Checking typed-arena v1.6.1
[INFO] [stderr]    Compiling arrayvec v0.4.12
[INFO] [stderr]    Compiling memchr v2.2.1
[INFO] [stderr]    Compiling proc-macro2 v1.0.5
[INFO] [stderr]     Checking getrandom v0.1.12
[INFO] [stderr]     Checking rand_core v0.5.1
[INFO] [stderr]    Compiling aho-corasick v0.7.6
[INFO] [stderr]     Checking clap v2.33.0
[INFO] [stderr]    Compiling lexical-core v0.4.6
[INFO] [stderr]    Compiling quote v1.0.2
[INFO] [stderr]     Checking c2-chacha v0.2.2
[INFO] [stderr]    Compiling syn v1.0.5
[INFO] [stderr]     Checking rand_chacha v0.2.1
[INFO] [stderr]     Checking rand v0.7.2
[INFO] [stderr]    Compiling nom v5.0.1
[INFO] [stderr]    Compiling serde_derive v1.0.101
[INFO] [stderr]    Compiling re2dfa v1.0.0 (https://github.com/MashPlant/re2dfa#d3544ab7)
[INFO] [stderr]    Compiling serde v1.0.101
[INFO] [stderr]    Compiling indexmap v1.2.0
[INFO] [stderr]    Compiling toml v0.5.3
[INFO] [stderr]    Compiling grammar-config v0.1.0 (https://github.com/MashPlant/lalr1#f2d91421)
[INFO] [stderr]    Compiling ll1-core v0.1.0 (https://github.com/MashPlant/lalr1#f2d91421)
[INFO] [stderr]    Compiling lalr1-core v0.1.0 (https://github.com/MashPlant/lalr1#f2d91421)
[INFO] [stderr]    Compiling parser-gen v0.1.0 (https://github.com/MashPlant/lalr1#f2d91421)
[INFO] [stderr]    Compiling parser-macros v0.1.0 (https://github.com/MashPlant/lalr1#f2d91421)
[INFO] [stderr]     Checking ebnf-tools v0.1.0 (/opt/rustwide/workdir)
[INFO] [stdout] error[E0433]: failed to resolve: use of undeclared type or module `ebnf_gen`
[INFO] [stdout]   --> src/bin/generate.rs:18:16
[INFO] [stdout]    |
[INFO] [stdout] 18 |     let ebnf = ebnf_gen::work(&code, &alloc);
[INFO] [stdout]    |                ^^^^^^^^ use of undeclared type or module `ebnf_gen`
[INFO] [stdout] 
[INFO] [stdout] 
[INFO] [stdout] error[E0433]: failed to resolve: use of undeclared type or module `ebnf_gen`
[INFO] [stdout]   --> src/bin/generate.rs:17:27
[INFO] [stdout]    |
[INFO] [stdout] 17 |     let alloc = ebnf_gen::ASTAlloc::default();
[INFO] [stdout]    |                           ^^^^^^^^ not found in `ebnf_gen`
[INFO] [stdout]    |
[INFO] [stdout] help: consider importing one of these items
[INFO] [stdout]    |
[INFO] [stdout] 1  | use crate::ebnf_tools::ASTAlloc;
[INFO] [stdout]    |
[INFO] [stdout] 1  | use ebnf_tools::ASTAlloc;
[INFO] [stdout]    |
[INFO] [stdout] 
[INFO] [stdout] 
[INFO] [stdout] error[E0433]: failed to resolve: use of undeclared type or module `ebnf_gen`
[INFO] [stdout]   --> src/bin/generate.rs:18:16
[INFO] [stdout]    |
[INFO] [stdout] 18 |     let ebnf = ebnf_gen::work(&code, &alloc);
[INFO] [stdout]    |                ^^^^^^^^ use of undeclared type or module `ebnf_gen`
[INFO] [stdout] 
[INFO] [stdout] 
[INFO] [stdout] error[E0433]: failed to resolve: use of undeclared type or module `ebnf_gen`
[INFO] [stdout]   --> src/bin/generate.rs:17:27
[INFO] [stdout]    |
[INFO] [stdout] 17 |     let alloc = ebnf_gen::ASTAlloc::default();
[INFO] [stdout]    |                           ^^^^^^^^ not found in `ebnf_gen`
[INFO] [stdout]    |
[INFO] [stdout] help: consider importing one of these items
[INFO] [stdout]    |
[INFO] [stdout] 1  | use crate::ebnf_tools::ASTAlloc;
[INFO] [stdout]    |
[INFO] [stdout] 1  | use ebnf_tools::ASTAlloc;
[INFO] [stdout]    |
[INFO] [stdout] 
[INFO] [stdout] 
[INFO] [stdout] warning: unused import: `ebnf_tools::Generate`
[INFO] [stdout]  --> src/bin/generate.rs:3:5
[INFO] [stdout]   |
[INFO] [stdout] 3 | use ebnf_tools::Generate;
[INFO] [stdout]   |     ^^^^^^^^^^^^^^^^^^^^
[INFO] [stdout]   |
[INFO] [stdout]   = note: `#[warn(unused_imports)]` on by default
[INFO] [stdout] 
[INFO] [stdout] 
[INFO] [stdout] error: aborting due to 2 previous errors; 1 warning emitted
[INFO] [stdout] 
[INFO] [stdout] 
[INFO] [stdout] For more information about this error, try `rustc --explain E0433`.
[INFO] [stdout] 
[INFO] [stderr] error: could not compile `ebnf-tools`.
[INFO] [stderr] 
[INFO] [stderr] To learn more, run the command again with --verbose.
[INFO] [stderr] warning: build failed, waiting for other jobs to finish...
[INFO] [stdout] warning: unused import: `ebnf_tools::Generate`
[INFO] [stdout]  --> src/bin/generate.rs:3:5
[INFO] [stdout]   |
[INFO] [stdout] 3 | use ebnf_tools::Generate;
[INFO] [stdout]   |     ^^^^^^^^^^^^^^^^^^^^
[INFO] [stdout]   |
[INFO] [stdout]   = note: `#[warn(unused_imports)]` on by default
[INFO] [stdout] 
[INFO] [stdout] 
[INFO] [stdout] error: aborting due to 2 previous errors; 1 warning emitted
[INFO] [stdout] 
[INFO] [stdout] 
[INFO] [stdout] For more information about this error, try `rustc --explain E0433`.
[INFO] [stdout] 
[INFO] [stderr] error: build failed
[INFO] running `Command { std: "docker" "inspect" "c671ef9e9e3dad76a104030465b5150b5b56674fcae88f0a809c4821ef041b6a", kill_on_drop: false }`
[INFO] running `Command { std: "docker" "rm" "-f" "c671ef9e9e3dad76a104030465b5150b5b56674fcae88f0a809c4821ef041b6a", kill_on_drop: false }`
[INFO] [stdout] c671ef9e9e3dad76a104030465b5150b5b56674fcae88f0a809c4821ef041b6a
